{"id":290,"date":"2022-12-11T01:58:53","date_gmt":"2022-12-11T00:58:53","guid":{"rendered":"http:\/\/mhauss.com\/?page_id=290"},"modified":"2022-12-11T01:58:54","modified_gmt":"2022-12-11T00:58:54","slug":"cibo-game","status":"publish","type":"page","link":"https:\/\/mhauss.com\/index.php\/cibo-game\/","title":{"rendered":"Cibo Game"},"content":{"rendered":"\n<p>Participe \u00e0 la cr\u00e9ation du jeux vid\u00e9os \u00ab\u00a0CIBOGAME\u00a0\u00bb de Laurent Siefer<br>Mod\u00e9lisations et animations du personnage principale.<\/p>\n\n\n\n<figure class=\"wp-block-embed is-type-video is-provider-youtube wp-block-embed-youtube wp-embed-aspect-16-9 wp-has-aspect-ratio\"><div class=\"wp-block-embed__wrapper\">\n<iframe loading=\"lazy\" title=\"Cibos KICKSTARTER 100%\" width=\"500\" height=\"281\" src=\"https:\/\/www.youtube.com\/embed\/gHN86sKgw1c?feature=oembed\" frameborder=\"0\" allow=\"accelerometer; autoplay; clipboard-write; encrypted-media; gyroscope; picture-in-picture; web-share\" referrerpolicy=\"strict-origin-when-cross-origin\" allowfullscreen><\/iframe>\n<\/div><\/figure>\n\n\n\n<figure class=\"wp-block-embed is-type-video is-provider-youtube wp-block-embed-youtube wp-embed-aspect-16-9 wp-has-aspect-ratio\"><div class=\"wp-block-embed__wrapper\">\n<iframe loading=\"lazy\" title=\"Cibos Game\" width=\"500\" height=\"281\" src=\"https:\/\/www.youtube.com\/embed\/ATz5W54STiw?feature=oembed\" frameborder=\"0\" allow=\"accelerometer; autoplay; clipboard-write; encrypted-media; gyroscope; picture-in-picture; web-share\" referrerpolicy=\"strict-origin-when-cross-origin\" allowfullscreen><\/iframe>\n<\/div><\/figure>\n\n\n\n<figure class=\"wp-block-image size-large\"><img loading=\"lazy\" decoding=\"async\" width=\"705\" height=\"1024\" src=\"https:\/\/mhauss.com\/wp-content\/uploads\/2017\/11\/Cibo_Victory_Pict_01_04-705x1024.png\" alt=\"\" class=\"wp-image-168\" srcset=\"https:\/\/mhauss.com\/wp-content\/uploads\/2017\/11\/Cibo_Victory_Pict_01_04-705x1024.png 705w, https:\/\/mhauss.com\/wp-content\/uploads\/2017\/11\/Cibo_Victory_Pict_01_04-207x300.png 207w, https:\/\/mhauss.com\/wp-content\/uploads\/2017\/11\/Cibo_Victory_Pict_01_04-768x1115.png 768w, https:\/\/mhauss.com\/wp-content\/uploads\/2017\/11\/Cibo_Victory_Pict_01_04-830x1205.png 830w, https:\/\/mhauss.com\/wp-content\/uploads\/2017\/11\/Cibo_Victory_Pict_01_04-230x334.png 230w, https:\/\/mhauss.com\/wp-content\/uploads\/2017\/11\/Cibo_Victory_Pict_01_04-350x508.png 350w, https:\/\/mhauss.com\/wp-content\/uploads\/2017\/11\/Cibo_Victory_Pict_01_04-480x697.png 480w\" sizes=\"auto, (max-width: 705px) 100vw, 705px\" \/><\/figure>\n","protected":false},"excerpt":{"rendered":"<p>Participe \u00e0 la cr\u00e9ation du jeux vid\u00e9os \u00ab\u00a0CIBOGAME\u00a0\u00bb de Laurent SieferMod\u00e9lisations et animations du personnage principale.<\/p>\n","protected":false},"author":1,"featured_media":0,"parent":0,"menu_order":0,"comment_status":"closed","ping_status":"closed","template":"","meta":{"footnotes":""},"class_list":["post-290","page","type-page","status-publish","hentry"],"yoast_head":"<!-- This site is optimized with the Yoast SEO plugin v27.4 - https:\/\/yoast.com\/product\/yoast-seo-wordpress\/ -->\n<title>Cibo Game - mhauss<\/title>\n<meta name=\"robots\" content=\"index, follow, max-snippet:-1, max-image-preview:large, max-video-preview:-1\" \/>\n<link rel=\"canonical\" href=\"https:\/\/mhauss.com\/index.php\/cibo-game\/\" \/>\n<meta property=\"og:locale\" content=\"fr_FR\" \/>\n<meta property=\"og:type\" content=\"article\" \/>\n<meta property=\"og:title\" content=\"Cibo Game - mhauss\" \/>\n<meta property=\"og:description\" content=\"Participe \u00e0 la cr\u00e9ation du jeux vid\u00e9os \u00ab\u00a0CIBOGAME\u00a0\u00bb de Laurent SieferMod\u00e9lisations et animations du personnage principale.\" \/>\n<meta property=\"og:url\" content=\"https:\/\/mhauss.com\/index.php\/cibo-game\/\" \/>\n<meta property=\"og:site_name\" content=\"mhauss\" \/>\n<meta property=\"article:modified_time\" content=\"2022-12-11T00:58:54+00:00\" \/>\n<meta property=\"og:image\" content=\"http:\/\/mhauss.com\/wp-content\/uploads\/2017\/11\/Cibo_Victory_Pict_01_04-705x1024.png\" \/>\n<meta name=\"twitter:card\" content=\"summary_large_image\" \/>\n<meta name=\"twitter:label1\" content=\"Dur\u00e9e de lecture estim\u00e9e\" \/>\n\t<meta name=\"twitter:data1\" content=\"1 minute\" \/>\n<script type=\"application\/ld+json\" class=\"yoast-schema-graph\">{\"@context\":\"https:\\\/\\\/schema.org\",\"@graph\":[{\"@type\":\"WebPage\",\"@id\":\"https:\\\/\\\/mhauss.com\\\/index.php\\\/cibo-game\\\/\",\"url\":\"https:\\\/\\\/mhauss.com\\\/index.php\\\/cibo-game\\\/\",\"name\":\"Cibo Game - mhauss\",\"isPartOf\":{\"@id\":\"https:\\\/\\\/mhauss.com\\\/#website\"},\"primaryImageOfPage\":{\"@id\":\"https:\\\/\\\/mhauss.com\\\/index.php\\\/cibo-game\\\/#primaryimage\"},\"image\":{\"@id\":\"https:\\\/\\\/mhauss.com\\\/index.php\\\/cibo-game\\\/#primaryimage\"},\"thumbnailUrl\":\"http:\\\/\\\/mhauss.com\\\/wp-content\\\/uploads\\\/2017\\\/11\\\/Cibo_Victory_Pict_01_04-705x1024.png\",\"datePublished\":\"2022-12-11T00:58:53+00:00\",\"dateModified\":\"2022-12-11T00:58:54+00:00\",\"breadcrumb\":{\"@id\":\"https:\\\/\\\/mhauss.com\\\/index.php\\\/cibo-game\\\/#breadcrumb\"},\"inLanguage\":\"fr-FR\",\"potentialAction\":[{\"@type\":\"ReadAction\",\"target\":[\"https:\\\/\\\/mhauss.com\\\/index.php\\\/cibo-game\\\/\"]}]},{\"@type\":\"ImageObject\",\"inLanguage\":\"fr-FR\",\"@id\":\"https:\\\/\\\/mhauss.com\\\/index.php\\\/cibo-game\\\/#primaryimage\",\"url\":\"https:\\\/\\\/mhauss.com\\\/wp-content\\\/uploads\\\/2017\\\/11\\\/Cibo_Victory_Pict_01_04.png\",\"contentUrl\":\"https:\\\/\\\/mhauss.com\\\/wp-content\\\/uploads\\\/2017\\\/11\\\/Cibo_Victory_Pict_01_04.png\",\"width\":4720,\"height\":6855},{\"@type\":\"BreadcrumbList\",\"@id\":\"https:\\\/\\\/mhauss.com\\\/index.php\\\/cibo-game\\\/#breadcrumb\",\"itemListElement\":[{\"@type\":\"ListItem\",\"position\":1,\"name\":\"Home\",\"item\":\"https:\\\/\\\/mhauss.com\\\/\"},{\"@type\":\"ListItem\",\"position\":2,\"name\":\"Cibo Game\"}]},{\"@type\":\"WebSite\",\"@id\":\"https:\\\/\\\/mhauss.com\\\/#website\",\"url\":\"https:\\\/\\\/mhauss.com\\\/\",\"name\":\"mhauss\",\"description\":\"images fixes et anim\u00e9es, illustrations, mod\u00e9lisations et animations 3D\",\"publisher\":{\"@id\":\"https:\\\/\\\/mhauss.com\\\/#organization\"},\"potentialAction\":[{\"@type\":\"SearchAction\",\"target\":{\"@type\":\"EntryPoint\",\"urlTemplate\":\"https:\\\/\\\/mhauss.com\\\/?s={search_term_string}\"},\"query-input\":{\"@type\":\"PropertyValueSpecification\",\"valueRequired\":true,\"valueName\":\"search_term_string\"}}],\"inLanguage\":\"fr-FR\"},{\"@type\":\"Organization\",\"@id\":\"https:\\\/\\\/mhauss.com\\\/#organization\",\"name\":\"mhauss\",\"url\":\"https:\\\/\\\/mhauss.com\\\/\",\"logo\":{\"@type\":\"ImageObject\",\"inLanguage\":\"fr-FR\",\"@id\":\"https:\\\/\\\/mhauss.com\\\/#\\\/schema\\\/logo\\\/image\\\/\",\"url\":\"https:\\\/\\\/mhauss.com\\\/wp-content\\\/uploads\\\/2022\\\/12\\\/ext.jpg\",\"contentUrl\":\"https:\\\/\\\/mhauss.com\\\/wp-content\\\/uploads\\\/2022\\\/12\\\/ext.jpg\",\"width\":140,\"height\":140,\"caption\":\"mhauss\"},\"image\":{\"@id\":\"https:\\\/\\\/mhauss.com\\\/#\\\/schema\\\/logo\\\/image\\\/\"}}]}<\/script>\n<!-- \/ Yoast SEO plugin. -->","yoast_head_json":{"title":"Cibo Game - mhauss","robots":{"index":"index","follow":"follow","max-snippet":"max-snippet:-1","max-image-preview":"max-image-preview:large","max-video-preview":"max-video-preview:-1"},"canonical":"https:\/\/mhauss.com\/index.php\/cibo-game\/","og_locale":"fr_FR","og_type":"article","og_title":"Cibo Game - mhauss","og_description":"Participe \u00e0 la cr\u00e9ation du jeux vid\u00e9os \u00ab\u00a0CIBOGAME\u00a0\u00bb de Laurent SieferMod\u00e9lisations et animations du personnage principale.","og_url":"https:\/\/mhauss.com\/index.php\/cibo-game\/","og_site_name":"mhauss","article_modified_time":"2022-12-11T00:58:54+00:00","og_image":[{"url":"http:\/\/mhauss.com\/wp-content\/uploads\/2017\/11\/Cibo_Victory_Pict_01_04-705x1024.png","type":"","width":"","height":""}],"twitter_card":"summary_large_image","twitter_misc":{"Dur\u00e9e de lecture estim\u00e9e":"1 minute"},"schema":{"@context":"https:\/\/schema.org","@graph":[{"@type":"WebPage","@id":"https:\/\/mhauss.com\/index.php\/cibo-game\/","url":"https:\/\/mhauss.com\/index.php\/cibo-game\/","name":"Cibo Game - mhauss","isPartOf":{"@id":"https:\/\/mhauss.com\/#website"},"primaryImageOfPage":{"@id":"https:\/\/mhauss.com\/index.php\/cibo-game\/#primaryimage"},"image":{"@id":"https:\/\/mhauss.com\/index.php\/cibo-game\/#primaryimage"},"thumbnailUrl":"http:\/\/mhauss.com\/wp-content\/uploads\/2017\/11\/Cibo_Victory_Pict_01_04-705x1024.png","datePublished":"2022-12-11T00:58:53+00:00","dateModified":"2022-12-11T00:58:54+00:00","breadcrumb":{"@id":"https:\/\/mhauss.com\/index.php\/cibo-game\/#breadcrumb"},"inLanguage":"fr-FR","potentialAction":[{"@type":"ReadAction","target":["https:\/\/mhauss.com\/index.php\/cibo-game\/"]}]},{"@type":"ImageObject","inLanguage":"fr-FR","@id":"https:\/\/mhauss.com\/index.php\/cibo-game\/#primaryimage","url":"https:\/\/mhauss.com\/wp-content\/uploads\/2017\/11\/Cibo_Victory_Pict_01_04.png","contentUrl":"https:\/\/mhauss.com\/wp-content\/uploads\/2017\/11\/Cibo_Victory_Pict_01_04.png","width":4720,"height":6855},{"@type":"BreadcrumbList","@id":"https:\/\/mhauss.com\/index.php\/cibo-game\/#breadcrumb","itemListElement":[{"@type":"ListItem","position":1,"name":"Home","item":"https:\/\/mhauss.com\/"},{"@type":"ListItem","position":2,"name":"Cibo Game"}]},{"@type":"WebSite","@id":"https:\/\/mhauss.com\/#website","url":"https:\/\/mhauss.com\/","name":"mhauss","description":"images fixes et anim\u00e9es, illustrations, mod\u00e9lisations et animations 3D","publisher":{"@id":"https:\/\/mhauss.com\/#organization"},"potentialAction":[{"@type":"SearchAction","target":{"@type":"EntryPoint","urlTemplate":"https:\/\/mhauss.com\/?s={search_term_string}"},"query-input":{"@type":"PropertyValueSpecification","valueRequired":true,"valueName":"search_term_string"}}],"inLanguage":"fr-FR"},{"@type":"Organization","@id":"https:\/\/mhauss.com\/#organization","name":"mhauss","url":"https:\/\/mhauss.com\/","logo":{"@type":"ImageObject","inLanguage":"fr-FR","@id":"https:\/\/mhauss.com\/#\/schema\/logo\/image\/","url":"https:\/\/mhauss.com\/wp-content\/uploads\/2022\/12\/ext.jpg","contentUrl":"https:\/\/mhauss.com\/wp-content\/uploads\/2022\/12\/ext.jpg","width":140,"height":140,"caption":"mhauss"},"image":{"@id":"https:\/\/mhauss.com\/#\/schema\/logo\/image\/"}}]}},"_links":{"self":[{"href":"https:\/\/mhauss.com\/index.php\/wp-json\/wp\/v2\/pages\/290","targetHints":{"allow":["GET"]}}],"collection":[{"href":"https:\/\/mhauss.com\/index.php\/wp-json\/wp\/v2\/pages"}],"about":[{"href":"https:\/\/mhauss.com\/index.php\/wp-json\/wp\/v2\/types\/page"}],"author":[{"embeddable":true,"href":"https:\/\/mhauss.com\/index.php\/wp-json\/wp\/v2\/users\/1"}],"replies":[{"embeddable":true,"href":"https:\/\/mhauss.com\/index.php\/wp-json\/wp\/v2\/comments?post=290"}],"version-history":[{"count":2,"href":"https:\/\/mhauss.com\/index.php\/wp-json\/wp\/v2\/pages\/290\/revisions"}],"predecessor-version":[{"id":292,"href":"https:\/\/mhauss.com\/index.php\/wp-json\/wp\/v2\/pages\/290\/revisions\/292"}],"wp:attachment":[{"href":"https:\/\/mhauss.com\/index.php\/wp-json\/wp\/v2\/media?parent=290"}],"curies":[{"name":"wp","href":"https:\/\/api.w.org\/{rel}","templated":true}]}}